-5*a - 3*k, -4*k = -4*a - 2*k + t. What are the prime factors of a?
11
Suppose 4*c = -4*l + 66 + 58, -3*c + 91 = l. Suppose o + 2 = 4. Suppose o*x = 4*x - c. What are the prime factors of x?
3, 5
Let q be 9*(2 + -1) - 1. Suppose 4 = -c + q. Let n = c + -1. What are the prime factors of n?
3
Let j(x) = -x + 35. Let p be j(0). Let w = -25 + p. What are the prime factors of w?
2, 5
Let t(g) = -g**3 + g - 2. Let k be t(-2). Let n = -12 - -24. Let x = n - k. What are the prime factors of x?
2
Suppose -5*o + 3*o = -104. Suppose 5*f - 3*f = o. What are the prime factors of f?
2, 13
Suppose q - 3*y = 49, y - 9 = 4*y. List the prime factors of q.
2, 5
Suppose -3*k - 5*w + 394 = 0, -46 - 100 = -k + 2*w. What are the prime factors of k?
2, 3, 23
Let f = -6 + 2. List the prime factors of 2/(-4)*f*2.
2
Suppose y = 6 - 5. Suppose -j + y + 39 = 0. Let p = j - 28. List the prime factors of p.
2, 3
Let c(i) = -4*i + 8. Let v(z) = -1. Let f(y) = -c(y) - 6*v(y). Let g be f(2). Suppose 5*x + g = 26. List the prime factors of x.
2
Let w(b) be the second derivative of b**8/6720 + b**7/630 - b**6/240 - b**4/12 + 2*b. Let j(a) be the third derivative of w(a). List the prime factors of j(-4).
2, 3
Suppose 0 = 3*w + 2*v, w - 5*v - 11 = -2*v. List the prime factors of 7 + -4 + w + 1.
2, 3
Suppose -4*l + 28 = -2*f, -3*f - 2 = 2*l + 8. List the prime factors of f/(-3) - (-4)/1.
2, 3
Let z be 140/(-30) - 2/6. List the prime factors of (3 + z)/((-2)/36).
2, 3
Suppose -30 = -2*i - 4*k, -3*k = 2*i + i - 45. List the prime factors of i.
3, 5
Let z be 19/(2 - 1) + -1. Let h = -11 + z. What are the prime factors of h?
7
Suppose 3*n + b = -4*b + 29, 5*n - 5*b = -5. List the prime factors of (24/(-14))/(n/(-42)).
2, 3
Suppose -2*c + 78 = c. Suppose 3*m - 114 = -4*b, -3 - 3 = 2*b. Let o = m - c. List the prime factors of o.
2
Suppose -k + 36 = -1. What are the prime factors of k?
37
Let y(n) = -n + 17. Let c be y(0). Let g = -9 + c. Suppose -5*h = -g - 12. What are the prime factors of h?
2
Suppose -4 = 4*h - 20. Suppose 0 = -3*t - 5*g + 26, -2*t - 14 = -t - h*g. List the prime factors of t/6*(-9 - -60).
17
Let z = 840 - 499. List the prime factors of z.
11, 31
List the prime factors of 33*-2*(-4)/8.
3, 11
Suppose 0 = 2*x - 3*x. Suppose 3*f - 13 + 1 = x. Suppose -f*a = 4*l - 28, 1 = -2*l + 9. List the prime factors of a.
3
Suppose r + 106 = 4*r - 2*w, r - 5*w - 57 = 0. What are the prime factors of r?
2
Let g be (16/10)/((-9)/45). Let m(r) = -r**3 - 8*r**2 - 7*r. What are the prime factors of m(g)?
2, 7
Let j = -2 - -6. Suppose -21 = -5*a - 4*x, -x = j*a - 9*a + 26. Suppose -44 = -a*b + h, -5*h = -5*b - 2*h + 52. What are the prime factors of b?
2
Suppose -3*c = 2*c - 60. List the prime factors of c.
2, 3
Let j(f) = -75*f + 2. What are the prime factors of j(-1)?
7, 11
Let u = -116 - -151. List the prime factors of u.
5, 7
Let g(l) = l + 4. Let c be g(-4). Suppose 4*u + d - 8 = c, 5*u + 0*u - 4*d = -11. Let p = 5 - u. What are the prime factors of p?
2
Let a = 17 - 12. Suppose -a*o = l - 17, 3*o = 2*o + 2. List the prime factors of l.
7
Suppose -3*j - 5*d - 61 = 0, 5*j - d + 115 = 4*d. Let p = -49 + 34. Let c = p - j. List the prime factors of c.
7
Let x(q) = 5*q + 2. Let m(y) = -1. Let k(f) = 4*m(f) - x(f). List the prime factors of k(-4).
2, 7
Suppose 2*x - x = 135. List the prime factors of x.
3, 5
What are the prime factors of -3 + (-95)/(-35) - 576/(-7)?
2, 41
Let i(p) = 2*p + 2. Let k be i(-4). List the prime factors of (1/1)/(k/(-42)).
7
Suppose 50 = 2*s + 2*w, 2*s + w = -3*s + 109. What are the prime factors of s?
3, 7
Let t(d) = -d**2 + 16*d + 23. What are the prime factors of t(17)?
2, 3
Suppose 4*f - 2*n + 29 = 3*n, n = 3*f + 19. Let v(p) = p**3 + 5*p**2 - 7*p + 2. What are the prime factors of v(f)?
2
Let d(x) = -2*x**3 - 3*x**2 - 2*x + 2. Let a be d(-3). Suppose 0 = -3*o - 8 + a. List the prime factors of o.
3
Suppose 20 = 5*m - 2*t, -5*m + 16 = -m - t. Let g = m - 7. Let k = g - -9. What are the prime factors of k?
2, 3
Let j be -6*(-5)/2 + 0. Suppose -4*k + 29 = -j. What are the prime factors of k?
11
Suppose -4*t + 62 = 2*u, 16 = 2*t - u - u. List the prime factors of t.
13
Let p be (296/(-4))/(1/2). What are the prime factors of p/(-20) + (-4)/10?
7
Let i = -1 - -6. Suppose -c = v + c + 112, 0 = -i*v - 2*c - 600. What are the prime factors of 6/27 - v/18?
7
Suppose -5*m + 0*w + 25 = 5*w, 2*w - 10 = -3*m. Suppose 0 = 3*x - 4 + 46. Let r = m - x. List the prime factors of r.
2, 7
Let a be 3/(-9) - (-228)/9. Suppose 2*z - a = -3*z. Suppose 3*d = -z*h + 120, -4*h + 5*d - d + 64 = 0. What are the prime factors of h?
3, 7
Let r = -3 + 6. Suppose -5*l + r*o + 23 = -72, 0 = -3*l + o + 61. Suppose 0 = 2*u - l. What are the prime factors of u?
11
Suppose 0 = -5*c - 174 - 41. Let q = c + 67. List the prime factors of q.
2, 3
Suppose q + 5*w = 20, -3*q - w + 0 + 4 = 0. Let d(a) = -a**2 - a. Let s be d(q). Suppose s = u - 3*u + 14. List the prime factors of u.
7
Let j be (-20)/(-25)*5/(-2). What are the prime factors of 3 - (11*-2 + j)?
3
Suppose 61 = 3*l - 23. Suppose -4*c = 4*f - 23 - 9, f + l = 3*c. List the prime factors of c.
3
Let k(d) = -2*d - 1. List the prime factors of k(-6).
11
Suppose 5*m = 5*x - 80, 0*x - 3*x + m = -46. List the prime factors of x.
3, 5
Let u be 260/(-22) - 6/33. Let t = u + 17. What are the prime factors of t?
5
Let m(y) = y**3 - y**2 + y - 1. What are the prime factors of m(3)?
2, 5
Let s be (-16)/20*(-75)/6. List the prime factors of (270/(-25))/((-4)/s).
3
Let r = 25 - 12. Let z(m) = 3*m - 12. What are the prime factors of z(r)?
3
Let x(i) = 43*i - 2. What are the prime factors of x(1)?
41
Let o(u) be the third derivative of -u**6/120 + u**5/5 - 3*u**4/8 - 7*u**3/6 + 3*u**2. List the prime factors of o(11).
3, 5
Suppose 0 = -4*y - k + 65, 3*y - 2*k = 43 - 8. Suppose -o + 5 = 0, -7*o + 2*o + y = -5*n. List the prime factors of n.
2
Let v(s) = s**3 - 7*s**2 - 9. Let g be (-1)/1 + 0 - -9. Let z be v(g). Suppose 8*r = 3*r + z. List the prime factors of r.
11
Let m(t) = 20*t - 5. Let f be m(7). Suppose -5*q - 5*g = f, 3*q - 4*g = -36 - 10. What are the prime factors of q/4*(-10)/5?
11
Let h be 68/18 + 4/18. Suppose 5*u - 16 = -5*a + 44, 23 = h*a - u. What are the prime factors of a?
7
Let r = -65 - -226. What are the prime factors of r?
7, 23
Let r = 103 + -148. Let x = 64 + r. What are the prime factors of x?
19
Suppose 0 = -2*a - a + 72. Suppose -8 + a = m. List the prime factors of m.
2
Let t(y) = -y**2 - 4*y. Let k(g) = -g**3 + 7*g**2 - 6*g - 2. Let b be k(6). Let z be t(b). Suppose -s + 4 = -z. List the prime factors of s.
2
Let g = -57 - -26. Let l(r) = -6*r**2 + 3*r - 3. Let b be l(2). Let n = b - g. What are the prime factors of n?
2, 5
Let i(f) = f**3 - f - 18. Let h = 7 - 7. Let v be i(h). What are the prime factors of 4/v + 620/36?
17
Let g = 40 + -18. Suppose 11 = n + 13. What are the prime factors of -2*g/(-4) - n?
13
Let t be (-8)/16*(-24)/2. List the prime factors of ((-8)/t)/(4/(-102)).
2, 17
Suppose j + 4*j - 15 = 0. What are the prime factors of j?
3
Suppose 0 = 3*a + 12, 0 = -2*w + 3*a - 0*a + 18. What are the prime factors of 14*(9/6)/w?
7
Suppose -6*i + 150 = -i. List the prime factors of i.
2, 3, 5
List the prime factors of (-21)/63 - 250/(-3).
83
Let w = -7 - -16. What are the prime factors of w?
3
Let t(h) = h**2 - 4*h. Let l be t(4). Suppose -5 = -l*w - w. What are the prime factors of w?
5
Let u(f) = -3*f + 17. Let b be (-6)/(-9) + (-69)/9. List the prime factors of u(b).
2, 19
What are the prime factors of (-339)/(-12) - (-3)/4?
29
Suppose -3*d = -6*i + i + 974, -3*i + 591 = -4*d. What are the prime factors of i?
193
Let t be -9 + (3/3 - 3). Let p = -7 - t. List the prime factors of p.
2
Let d(u) = -2*u + 0 - 6 + 2. Let n be d(-4). Suppose a = n*a - 18. What are the prime factors of a?
2, 3
Let o(r) = 4*r + 8. List the prime factors of o(6).
2
List the prime factors of (21/14)/(3/22).
11
Let k(n) = -n**3 + 4*n**2 - n + 2. Let w be k(4). Let d be w/7 + 99/(-21). What are the prime factors of 16/5 - d/(-25)?
3
What are the prime factors of 585/(-6)*9/(135/(-20))?
2, 5, 13
Let d(o) = o**2 - o - 3. Suppose 2*z + 3 = 3*h, -4*z + 2*h - 11 = h. What are the prime factors of d(z)?
3
Let n(p) = -20*p**3 + 2*p + 2. What are the